{"id":261,"date":"2020-06-07T14:28:59","date_gmt":"2020-06-07T17:28:59","guid":{"rendered":"http:\/\/www.aulanaweb.com\/web\/?page_id=261"},"modified":"2020-06-07T17:57:06","modified_gmt":"2020-06-07T20:57:06","slug":"projeto-faperj","status":"publish","type":"page","link":"https:\/\/www.aulanaweb.com\/web\/?page_id=261","title":{"rendered":"Projeto FAPERJ"},"content":{"rendered":"\n<p style=\"text-align: justify;\">T\u00cdTULO: Adequa\u00e7\u00e3o, moderniza\u00e7\u00e3o e otimiza\u00e7\u00e3o da infraestrutura do Laborat\u00f3rio de Eletr\u00f4nica Especializada da ETEFV\u00a0<\/p>\n<p style=\"text-align: justify;\">RESUMO: Trata-se de projeto de pesquisa que visa \u00e0 adequa\u00e7\u00e3o, \u00e0 moderniza\u00e7\u00e3o e \u00e0 otimiza\u00e7\u00e3o da infraestrutura do Laborat\u00f3rio de Eletr\u00f4nica Especializada, baseado, sobretudo, no emprego do Arduino como ferramenta para a cria\u00e7\u00e3o de experimentos de automa\u00e7\u00e3o e controle. Estes experimentos ser\u00e3o tamb\u00e9m usados para a elabora\u00e7\u00e3o e para a difus\u00e3o de conhecimento, tanto para alunos como para docentes, dentro e fora da escola. Tendo em vista as prescri\u00e7\u00f5es j\u00e1 existentes no Curr\u00edculo do Curso T\u00e9cnico em Eletr\u00f4nica e as exig\u00eancias do mercado de trabalho, \u00e9 preciso que os alunos conhe\u00e7am as t\u00e9cnicas de projeto, de simula\u00e7\u00e3o, de montagem e de testes dos circuitos eletr\u00f4nicos micro processados. Atualmente, o laborat\u00f3rio da Escola T\u00e9cnica Estadual Ferreira Viana n\u00e3o conta com os equipamentos e instrumentos necess\u00e1rios para formar um profissional capacitado e alinhado com as tecnologias atuais. Por isso, \u00e9 fundamental a aquisi\u00e7\u00e3o de equipamentos e de materiais que estejam de acordo com esta realidade, entre eles est\u00e3o desde os mais b\u00e1sicos, como bancadas, computadores e impressoras, at\u00e9 placas Arduino, sensores, atuadores, equipamentos e consum\u00edveis para a prototipagem eletr\u00f4nica.<\/p>\n<p style=\"text-align: justify;\">OBJETIVOS:<\/p>\n<p style=\"text-align: justify;\">OBJETIVO GERAL<\/p>\n<p style=\"text-align: justify;\">Adequa\u00e7\u00e3o, moderniza\u00e7\u00e3o e otimiza\u00e7\u00e3o da infraestrutura do laborat\u00f3rio de Eletr\u00f4nica Especializada da Escola T\u00e9cnica Estadual Ferreira Viana fim propiciar \u00e0 execu\u00e7\u00e3o de projetos micro controlados nas \u00e1reas da Ci\u00eancia e Tecnologia.<\/p>\n<p style=\"text-align: justify;\">OBJETIVOS ESPEC\u00cdFICOS<\/p>\n<p style=\"text-align: justify;\">\u2022 Comprar, receber e instalar os materiais referentes a atualiza\u00e7\u00e3o da infraestrutura do Laborat\u00f3rio;<br \/>\u2022 Comprar, receber e organizar os materiais permanentes e de consumo;<br \/>\u2022 Revisar a literatura relativa a experimentos com o uso de Arduino;<br \/>\u2022 Elaborar e planejar os experimentos;<br \/>\u2022 Realizar os experimentos e coletar resultados;<br \/>\u2022 Mensurar e validar os resultados obtidos;<br \/>\u2022 Prototipar os experimentos;<br \/>\u2022 Oferecer treinamentos para docentes da ETEFV e de outras Unidades Escolares da FAETEC em Arduino, Processing e Prototipagem;<br \/>\u2022 Oferecer cursos de curta dura\u00e7\u00e3o para alunos de outros cursos da ETEFV e de outras Unidades Escolares da FAETEC;<br \/>\u2022 Divulgar os experimentos e os resultados obtidos pela pesquisa em eventos acad\u00eamicos e\/ou pela publica\u00e7\u00e3o de artigos em peri\u00f3dicos especializados e\/ou obras coletivas, no Brasil ou no exterior;<br \/>\u2022 Orientar alunos do Curso T\u00e9cnico em pesquisas sobre prototipagem com o uso do Arduino;<br \/>\u2022 Estreitar la\u00e7os com grupos de pesquisa no Brasil e no exterior; e<br \/>\u2022 Incorporar o material permanente no invent\u00e1rio de bens permanentes da Escola, deixando um legado patrimonial e de inova\u00e7\u00e3o tecnol\u00f3gica para todos os alunos e docentes da ETEFV, da rede FAETEC e de todas as escolas p\u00fablicas do estado do Rio de Janeiro.<\/p>\n<p style=\"text-align: justify;\">EDITAL: E_11\/2019 &#8211; Programa Apoio \u00e0 Infraestrutura Laboratorial da FAETEC 2019<\/p>\n","protected":false},"excerpt":{"rendered":"<p>T\u00cdTULO: Adequa\u00e7\u00e3o, moderniza\u00e7\u00e3o e otimiza\u00e7\u00e3o da infraestrutura do Laborat\u00f3rio de Eletr\u00f4nica Especializada da ETEFV\u00a0 RESUMO: Trata-se de projeto de pesquisa que visa \u00e0 adequa\u00e7\u00e3o, \u00e0 moderniza\u00e7\u00e3o e \u00e0 otimiza\u00e7\u00e3o da infraestrutura do Laborat\u00f3rio de Eletr\u00f4nica Especializada, baseado, sobretudo, no emprego do Arduino como ferramenta para a cria\u00e7\u00e3o de experimentos de automa\u00e7\u00e3o e controle. Estes experimentos &hellip; <a href=\"https:\/\/www.aulanaweb.com\/web\/?page_id=261\" class=\"more-link\">Continuar lendo <span class=\"screen-reader-text\">Projeto FAPERJ<\/span><\/a><\/p>\n","protected":false},"author":1,"featured_media":0,"parent":0,"menu_order":0,"comment_status":"closed","ping_status":"closed","template":"","meta":{"footnotes":""},"class_list":["post-261","page","type-page","status-publish","hentry"],"_links":{"self":[{"href":"https:\/\/www.aulanaweb.com\/web\/index.php?rest_route=\/wp\/v2\/pages\/261","targetHints":{"allow":["GET"]}}],"collection":[{"href":"https:\/\/www.aulanaweb.com\/web\/index.php?rest_route=\/wp\/v2\/pages"}],"about":[{"href":"https:\/\/www.aulanaweb.com\/web\/index.php?rest_route=\/wp\/v2\/types\/page"}],"author":[{"embeddable":true,"href":"https:\/\/www.aulanaweb.com\/web\/index.php?rest_route=\/wp\/v2\/users\/1"}],"replies":[{"embeddable":true,"href":"https:\/\/www.aulanaweb.com\/web\/index.php?rest_route=%2Fwp%2Fv2%2Fcomments&post=261"}],"version-history":[{"count":3,"href":"https:\/\/www.aulanaweb.com\/web\/index.php?rest_route=\/wp\/v2\/pages\/261\/revisions"}],"predecessor-version":[{"id":368,"href":"https:\/\/www.aulanaweb.com\/web\/index.php?rest_route=\/wp\/v2\/pages\/261\/revisions\/368"}],"wp:attachment":[{"href":"https:\/\/www.aulanaweb.com\/web\/index.php?rest_route=%2Fwp%2Fv2%2Fmedia&parent=261"}],"curies":[{"name":"wp","href":"https:\/\/api.w.org\/{rel}","templated":true}]}}